 7*h**2 + 2*h - 5. Let c(r) = -2*r**3 + r**2 + r - 1. Let b(n) = a(n) + 2*c(n). Determine b(4).
-7
Let a be 1430/180 + (-2)/(-36). Let q(d) = -d**3 + 8*d**2 + d + 4. Determine q(a).
12
Let d = 8 - 3. Let w be (d + 2)*(0 + 1). Let q be (-222)/42 + 2/w. Let o(z) = z + 7. What is o(q)?
2
Let d(h) = h**2 - 7*h + 6. Let s be 1 + ((-141)/(-3))/1. Suppose 18 = -2*f + s. Let g = -10 + f. Calculate d(g).
-4
Let w(d) = 73*d**2 - 77*d**2 - 2*d**3 + 4 + 3*d**3 - 6. Give w(5).
23
Suppose 4*l - 3*k = 3, l + 3*k - 4 = 8. Suppose -2*r = -2*o + 2*r + 2, l*o = r + 8. Let n(x) = x. Let d(c) = -c + 2. Let m(z) = -d(z) - 2*n(z). Give m(o).
-5
Let q(b) be the first derivative of b**2/2 + 9*b - 3. Let t(i) = i**2 - 3*i - 34. Let r be t(8). Suppose -7*h - h = -r*h. Give q(h).
9
Let o(c) be the first derivative of -c**4/4 + 4*c**3/3 + 2*c**2 - 5*c - 1. Let u be 1/(-2)*2*-2. Suppose -u*a - 1 + 11 = 0. What is o(a)?
-10
Suppose 0 = 2*z - z + 5*r - 5, 5*r - 5 = 5*z. Let q(g) = 4*g**3 - 3*g**3 - 2 + z*g**3 + 3*g**2 + 3*g - 4*g**2. Calculate q(2).
8
Let l be 3*(-4 - -3) + 230/75. Let n(k) be the third derivative of 0*k + 5*k**2 + 0 + l*k**5 + 0*k**4 + 0*k**3. Determine n(-1).
4
Let u be 3 - 0/(4/4). Suppose -u*x + 14 = -x. Suppose -x - 3 = 5*n. Let a(v) = v**3 + v**2 + 2*v + 1. What is a(n)?
-7
Let r = -297 + 288. Let n(l) = -l - 10. Give n(r).
-1
Let s(p) be the second derivative of -1/20*p**5 - 5/2*p**2 + 0 - 1/3*p**4 - 15*p + p**3. Determine s(-5).
-10
Let o(l) = 5*l**3 + 7*l**2 - 14*l - 4. Let w(h) = 2*h**3 + 3*h**2 - 6*h - 2. Let r(f) = -3*o(f) + 7*w(f). Calculate r(-2).
6
Let j(u) = u**2. Let r(k) = -k**2 - 4*k + 10. Let q be r(-5). Let g(s) = s**3 - 5*s**2 - 4*s - 3. Let v(b) = q*j(b) + g(b). Determine v(-2).
-3
Let j = 43 - 40. Let s(b) = 7*b + 9 - 51*b**3 + 6*b**2 + 52*b**3 + j*b**2. Determine s(-8).
17
Let p = -19 - 1. Let t be ((-2)/5)/((-2)/p). Let y(v) = v**2 - 5. Give y(t).
11
Let d(c) be the second derivative of -27*c - 7/3*c**3 + 0 + 1/2*c**2. Give d(-1).
15
Let f = -19 - -21. Suppose 8 = 4*n - 2*r, f*r - 6*r = -n + 16. Let z(q) = q**2 - q + 5. Calculate z(n).
5
Suppose -417 = -24*q - 81. Let z(x) = -x**2 + 13*x - 19. Determine z(q).
-33
Let b(g) be the second derivative of g**6/40 - g**4/24 + 10*g**3/3 + 5*g. Let v(j) be the second derivative of b(j). Give v(-1).
8
Let a(t) = t**2 - 5*t - 15. Let m be a(7). Let y(c) = c - 1. Let g(i) = -i**2 - 3*i - 7. Let h(b) = m*g(b) + 3*y(b). Determine h(-4).
-4
Let i(p) be the second derivative of -p**3/6 - 9*p**2/2 + 83*p. Give i(7).
-16
Let y(k) = -2*k - 3. Let t be y(0). Let l = -1 - t. Let j(d) = 2 + 0*d + 2 - 29*d**3 + 3*d + 28*d**3 - 3*d**l. Calculate j(-4).
8
Let k(p) = -p - 1. Let i be 6/6*(1 - -1). Let w(z) = 3*z - 4. Let n(g) = i*k(g) + w(g). Suppose 5*j + 2*f - 46 = -2*f, -5*f = j - 26. Give n(j).
0
Let f(l) be the first derivative of 3*l**4/4 + l**3/3 + l**2/2 - 3*l + 26. Let j(x) = x**3 - x**2 - x + 1. Let o(q) = f(q) - 4*j(q). What is o(5)?
18
Let z(c) = -14*c**2 - 3*c - 3. Let u(b) = -5*b**2 - 1. Let j(m) = -8*u(m) + 3*z(m). Calculate j(-4).
3
Let b(y) = 4 + y + 6 - 5. Let x(g) = -5*g + 3. Let u be x(3). Let r = u - -12. Give b(r).
5
Let t(x) be the third derivative of -x**4/12 - x**3/3 - 13*x**2. Suppose -28 = d - 5*g, 0*g = -2*d + 2*g - 16. Give t(d).
4
Let l(z) = -z**2 - 3. Let u(o) = -o**2 - 9*o - 16. Let b be u(-2). Let n be -3 + (-5 + 5)/b. Determine l(n).
-12
Let s(t) = 3*t. Let v be s(2). Suppose 4*u = -k + 4, -u = -v*k + k - 1. Let i(h) = 1 + 12*h**2 + k*h**3 - 7*h - 5*h**2 - h**3. Calculate i(6).
-5
Let u(o) = 2*o - 14. Let s(t) = t - 7. Let v(f) = -5*s(f) + 2*u(f). Let b = 19 - 19. Let j = 6 - b. Give v(j).
1
Let d(h) = -5 + 11 + 0*h + 7 + h - 3. Determine d(0).
10
Let o = -14 + 25. Suppose -o*c = -7*c + 4. Let k(q) = 10*q**2 - 6. Let x(b) = 10*b**2 - 5. Let h(f) = 4*k(f) - 5*x(f). Calculate h(c).
-9
Let s(f) be the third derivative of -f**6/120 + f**5/10 + f**4/4 + 5*f**3/3 + f**2 - 22. Calculate s(7).
3
Suppose 7 - 31 = -6*f. Suppose -2*r = s - 16, -f*r + 32 - 12 = -s. Let x(q) = q**3 - 6*q**2 - q + 4. Determine x(r).
-2
Let f(q) = -572*q - 568*q - 2 - 34 + 1135*q. What is f(-5)?
-11
Let g(y) = -369*y - 1 - 5*y**2 + 367*y + 15*y**2. Let b(v) = v**2 + v. Let i(t) = t**2 + 5*t + 3. Let k be i(-4). Let u(l) = k*b(l) - g(l). Determine u(-1).
-11
Let d(s) = -5*s**3 + 3*s**2 - 3*s + 5. Suppose 1256 - 1236 = 10*r. Determine d(r).
-29
Let z(f) = f - 34 + 75 - 54. What is z(0)?
-13
Let d = -36 + 40. Let h(j) = 5 - d + 19*j - 22*j. Calculate h(2).
-5
Let v(a) = -47*a - 335. Let n be v(-7). Let t(f) = -f**2 - 4*f + 9. Determine t(n).
-3
Let x(q) be the third derivative of q**5/60 - 2*q**3/3 - 46*q**2 + 2*q. What is x(0)?
-4
Let o be 5/(-2)*(-24)/(-4). Let j be o/10*(-8)/6. Let z(w) = 0 - w**2 + 2*w**2 + 3*w - 1 - 2*w**j. Calculate z(4).
-5
Suppose 4*k - 12 = -0*k. Let f be 3/1 + 0/(-2). Let v = k - f. Let d(j) = -j**2 + j + 11. Determine d(v).
11
Let b(r) be the second derivative of -r**3/3 - 5*r**2/2 + 129*r - 1. Calculate b(-1).
-3
Let u be 152/7 - 4/(-14). Let q = u + -16. Let g(m) be the first derivative of m**3/3 - 3*m**2 - 7*m - 96. Give g(q).
-7
Let s(g) = -7*g**2 + 3*g. Let x(i) = 95*i + 286. Let m be x(-3). What is s(m)?
-4
Let q(d) = -5*d + 80. Let l(b) = b - 16. Let g be 2 + 5 + (-2)/(-3)*6. Let j(t) = g*l(t) + 2*q(t). Determine j(7).
-9
Let p(t) = -36505*t - 4*t**2 + 36503*t + t**2 + 3 + t**3. Let a(j) = -j**2 - 7*j - 6. Let d be a(-5). Determine p(d).
11
Let m(c) = 5*c**2 + 23*c + 4. Let p(s) = 11*s**2 + 47*s + 11. Let r(v) = -9*m(v) + 4*p(v). Calculate r(-19).
8
Let m(z) = -z**2 - 10. Let y(v) = -v**2 - 5. Let t(p) = 3*m(p) - 5*y(p). Let o(s) be the first derivative of t(s). Calculate o(2).
8
Let m(n) = -n**2 - 7*n. Let t(z) = 2*z**2 + 6*z + 2. Let c(w) = 3*m(w) + 2*t(w). What is c(7)?
-10
Suppose -2*i + 4*i = n - 13, -5*i - 5 = 3*n. Let k(a) be the first derivative of -3*a**2/2 - 1521. Calculate k(i).
12
Let d(l) be the third derivative of 1/24*l**4 + 0 + 0*l**3 - 6*l**2 - 1/15*l**5 + 0*l. What is d(-1)?
-5
Let u(a) = -a**3 + 4*a**2 + 5*a - 1. Let h be 60/12 - (5 - 16/4). Calculate u(h).
19
Let j be (-42)/231 + 150/(-22). Let o(g) = g**2 + 5*g - 10. Determine o(j).
4
Let a be (4 + 1)*6/15. Let f(m) be the third derivative of 7/6*m**3 - 1/12*m**4 + 0*m + 0 + 4*m**a. Determine f(7).
-7
Let s = -819 + 826. Let h(u) = -2*u - 15*u**2 + 23*u**2 - 2*u - u**3 - 3*u. What is h(s)?
0
Let i(w) = w**3 + w**2 - w + 1. Suppose -5*c - 5*k + 11 - 36 = 0, -2*c - 3*k - 13 = 0. Determine i(c).
-1
Let w = 825 + -832. Let k(h) = -h**3 - 8*h**2 - 6*h + 4. What is k(w)?
-3
Let h(z) = 2*z**3 - 7*z**2 + 4*z + 3. Let d be h(3). Let m(f) = f**2 - 5*f - 3. What is m(d)?
3
Let z be 20/(-3)*18/(-12). Let s = z + -6. Suppose 2*m - 14 = 3*y - 0*y, -s*y - 2*m - 14 = 0. Let p(b) = -3*b. Calculate p(y).
12
Suppose 2*d - 3*d = -12*d. Let t(u) = 0*u**2 + 8 - 7 + d + 4*u**2 - 3*u. Determine t(2).
11
Let x be 84/22 + 2 + (-4)/(-22). Let c(q) = 3*q + 5. Calculate c(x).
23
Let q(k) be the first derivative of -2*k**3/3 + 10*k**2 + k + 279. Determine q(10).
1
Let r(m) be the first derivative of m**4/12 + m**3/6 - m**2 + 14*m - 5. Let b(s) be the first derivative of r(s). Calculate b(-4).
10
Let z(x) be the third derivative of x**6/120 - x**5/10 + x**4/24 - 5*x**3/6 + 3*x**2. Suppose -13*a = -65 - 13. Determine z(a).
1
Let f(i) = -7*i**2 + i + 1. Let z = -92 - -97. Suppose z*y - 15 = 0, -y = 3*t + 2*y - 6. What is f(t)?
-7
Suppose 5*d - 11 - 14 = 0. Let c(p) = -354*p + 113*p + 48 - 50 + 120*p + 122*p. Determine c(d).
3
Let z(k) = -2*k + 6. Let q(f) = 5*f - 13. Let r(p) = -4*q(p) - 9*z(p). Let a = 3847 - 3849. Give r(a).
2
Let i(m) = 15*m - 552. Let s be i(37). Let x(a) = a - 3 - 3*a**3 + 5 + 2*a**3. Calculate x(s).
-22
Let b = 2 + -44. Let v = -40 - b. Let g(x) = -x**3 - 3*x**2 + x + 2. Determine g(v).
-16
Let b(n) = -35*n - 32*n + 2*n**2 + 66*n - 4. Calculate b(-4).
32
Let u = 20 - 11. Suppose 0 = 2*l - u*l. Suppose 2*w + 17 = -4*p + 3*p, l = -3*w + 2*p - 8. Let z(o) = o - 2. Give z(w).
-8
Let g(z) = 2*z**3 - z**2 - 3*z + 3. Suppose -q - 4*w - 5 = 11, 4*w + 16 = 0. Suppose x + q*x = 0. Let j be (-4)/6*(x + -3). Give g(j).
9
Let z(o) = 3*o - 5. Let f(s) = 7*s - 11. Let h(y) = 4*f(y) - 9*z(y). Suppose 3*m + 7 = -b + 16, 4*b +